e the prime factors of z?
2
Suppose 8 = -w - 65. Let c = -40 - w. What are the prime factors of c?
3, 11
Suppose -4*r = 2*r - 6. Let t be (-9)/12 + r/(-4). List the prime factors of (-15)/(-3) + t - -70.
2, 37
Suppose 2*y = 2*k - 22, 5*y + 0*k = -2*k - 48. List the prime factors of 1926/10 - y/25.
193
Suppose 2*p + 3*c + 131 = 2*c, 300 = -5*p + 3*c. Let k = p + 213. List the prime factors of k.
2, 3, 5
Let b be (((-108)/10)/(-9))/((-6)/(-280)). Let m(o) = -o**2 - 5*o + 2. Let p be m(-5). Suppose -p*r = -r - b. What are the prime factors of r?
2, 7
Let j(w) = 6*w**2 + 6*w + 77. What are the prime factors of j(11)?
11, 79
List the prime factors of 309*((-3)/(-1) - (-11 - -10)).
2, 3, 103
Let w(n) = -15*n - 6. Let c be w(-4). Suppose -3*m + 219 = m - f, -m + f = -c. Let o = -33 + m. List the prime factors of o.
2, 11
Let y = 93 + 29. List the prime factors of (1 + y/(-6))*-9.
2, 3, 29
Let c = -1669 - -3560. What are the prime factors of c?
31, 61
Let r(a) = 3*a**3 - 3*a**2 + 17*a + 40. List the prime factors of r(12).
2, 1249
Let n(o) = 14*o + 49. List the prime factors of n(15).
7, 37
Let u(c) = -c**2 - 11*c - 31. Let n be u(-8). What are the prime factors of (-9977)/(-44) - (-2 - n/4)?
227
Suppose -2909 = -4*r + b + 5677, 0 = 3*r + b - 6436. What are the prime factors of r?
2, 29, 37
Suppose 0 = 5*d - 2*s - 2721 - 70, -2237 = -4*d + 3*s. What are the prime factors of d?
557
Let s(z) = 8*z - 25. Let d be s(4). Suppose -5*g + d = -5*o - 18, -5*g + 21 = -3*o. What are the prime factors of g?
3
Suppose 3*v = 9*v + 24. Let s be (8/(-6))/(v/(-330)). What are the prime factors of (-11 - 1)*s/40?
3, 11
Suppose 3*j + 19 - 16 = 0. List the prime factors of (j + -4)/(3/(-69)).
5, 23
Suppose 21 = 4*p - 195. Let f be 4/18 + (-12)/p. Suppose 4*i - 103 = 3*v, i - 3*v - 1 - 36 = f. What are the prime factors of i?
2, 11
Let n(v) = v**2 + 71*v + 288. List the prime factors of n(39).
2, 3, 7, 109
Suppose -b + 9 = -2*h, 5*b - 45 = h + h. Suppose -1 = 2*y - b. Suppose -y*g + w = -3*g - 16, 2*g + 5*w = 53. List the prime factors of g.
19
Suppose -6 = 2*m - 4*m. Suppose -v = -3*x - 20 + 114, -2*x = m*v - 48. What are the prime factors of x?
2, 3, 5
Let q(l) = -445*l + 15. List the prime factors of q(-1).
2, 5, 23
Let d be (3 - -1)/(-6 - -8). Suppose -2*x = 3*t - 83, -4*t + 112 = 3*x - d*t. List the prime factors of x.
2, 17
Suppose -25*l = -13567 - 858. What are the prime factors of l?
577
Let h(r) = 2*r**2 + r + 11. Let w be h(-3). Let b = 157 - w. List the prime factors of b.
131
Suppose 2*b - 2390 = -i, -4*i - 2*b + 11560 - 2006 = 0. List the prime factors of i.
2, 3, 199
Suppose -5*c = 7*q - 2*q + 40, 0 = -4*c - 3*q - 28. List the prime factors of 1698/24 + (-1)/c.
71
Let y(u) = -6*u - 4 + 10 + 75 + 143. What are the prime factors of y(0)?
2, 7
Suppose 0 = 4*b - 0*b - 848. Suppose -8*d + 1772 = b. What are the prime factors of d?
3, 5, 13
Let l(h) = h**2 + h + 46. Let b(s) = -2*s + 4. Let p be b(2). What are the prime factors of l(p)?
2, 23
Suppose 131*u = 137*u - 276. What are the prime factors of u?
2, 23
Let d = 11 + 2. Suppose -2*r + d = -165. List the prime factors of r.
89
Let k(y) = y - 7. Suppose 9 = b + c, 36 = 4*b + 2*c - c. Let a be k(b). Suppose 0 = -5*d - a*h + 279, -d + 0*d + 4*h = -47. What are the prime factors of d?
5, 11
Suppose -2*m + 7 = 3. Suppose m*t = 14*t - 1128. What are the prime factors of t?
2, 47
Let q be (40/30)/((-2)/(-3)). Suppose -2*d = q*f - 118, -d + f - 8 = -59. List the prime factors of d.
5, 11
What are the prime factors of (-39430)/(-18) - (-384)/864 - 0?
7, 313
Suppose x + 3*x = 3*d - 825, 0 = -3*d - x + 840. Let c = d + -49. What are the prime factors of c?
2, 5, 23
Suppose 16*l + 2271 = 8607. What are the prime factors of l?
2, 3, 11
Suppose -491 = -8*b + 10677. List the prime factors of b.
2, 349
Let r(o) = -2*o**3 + 5*o**2 + 13*o + 12. List the prime factors of r(-5).
2, 7, 23
Let h be (6/8)/((-7)/(-28)). Suppose -y - h*y = -240. Let b = -26 + y. What are the prime factors of b?
2, 17
Let i(w) = 16*w - 84*w**3 + 232*w**3 - 17*w. What are the prime factors of i(1)?
3, 7
Let l = -435 - -439. Let w = 0 - -2. Suppose -4*x + 149 = 5*r, l*r = -4*x + w*x + 70. List the prime factors of x.
41
Suppose -5*t + 0*n + 969 = 3*n, -4*n = -12. Let u = t - 127. What are the prime factors of u?
5, 13
Suppose 2*c - 163 = 81. Let d = c - 36. What are the prime factors of d?
2, 43
Let z(b) = -2420*b - 36. What are the prime factors of z(-2)?
2, 1201
Let b(l) = 19*l**2 - 12*l - 103. List the prime factors of b(-9).
2, 193
Let a(q) = 26*q**3 + q + 1. Let m be a(-1). Let k = -7 + m. Let u = k - -46. What are the prime factors of u?
13
Suppose 0 = t - 6*t + 10. Let u = 15 - 13. Suppose -5*l + 66 = -2*l + 3*y, -t*l + u*y = -32. What are the prime factors of l?
19
Let u = 3 - 1. Let l(g) = -2 - 5*g**2 + g**3 + 0 - u + 104*g - 100*g. List the prime factors of l(6).
2, 7
Suppose 4*v + 2*x = 1070, x = -5*v + 6*x + 1360. What are the prime factors of v?
269
Let o = 283 + 816. What are the prime factors of o?
7, 157
Suppose 18*v - 13*v - 25 = 0. Suppose v*b - 309 = -4. What are the prime factors of b?
61
Suppose x = -3*x - 664. Let z(q) = 2*q**2 - 15*q - 62. Let y be z(-9). Let n = y + x. What are the prime factors of n?
3, 23
Let w(o) = o + 6. Let l(c) = 1. Let f(y) = -4*l(y) + w(y). Let g be f(-2). Suppose 5*b - 105 = -g*b. List the prime factors of b.
3, 7
Suppose 3*m + 18 = 6*m. Suppose m = 3*g - 0*h - 3*h, 0 = -4*g - 2*h + 20. What are the prime factors of g?
2
Suppose 0 = -3*g - 3*p - 183, -51 - 68 = 2*g + p. Let l = 119 - g. Let o = l - 112. What are the prime factors of o?
5, 13
Let i be 8/60*657 - (-6)/15. Suppose -84*d + i*d = 712. List the prime factors of d.
2, 89
Let v(w) = 2*w + 9. Let d be v(-3). Suppose 0*x = d*b + 4*x - 119, x = 5*b - 229. What are the prime factors of b?
3, 5
Let p(d) = 11*d**3 + d. Let r be p(-1). Let x = r + 14. Suppose 0*i = -w + i + 25, -125 = -5*w - x*i. List the prime factors of w.
5
Let s be -1 + -1 + 1 - -1. Suppose 3*t = -5*x + 35, -2*x + 0*t = 3*t - 23. Suppose -4*o - g - x*g + 199 = s, 4*o - 5*g = 249. What are the prime factors of o?
2, 7
Let u(f) = -11*f**3. List the prime factors of u(-4).
2, 11
Let s = 152 - 53. Suppose 5*b = 3*t - t - 163, -t + s = b. List the prime factors of t.
2, 47
Suppose -5*a - 36 = -2*b - a, 3*a - 1 = -2*b. Let l(j) = 8*j - 4. List the prime factors of l(b).
2, 3, 5
Let i be 0/((11 + -1)/(-5)). Suppose i*n + n - 90 = 0. Suppose -n = 4*p - 374. What are the prime factors of p?
71
Suppose -3*t - 2 + 8 = -2*c, 5*t - 32 = -4*c. Let s be 10/20 + 14/t. Suppose -s*u - 72 = -6*u. What are the prime factors of u?
2, 3
Suppose 16*y - 24 = 14*y. Let p = 14 - y. What are the prime factors of p/((-1)/24*-3)?
2
Let l(m) = -m**2 - 8*m - 5. Let j be l(-8). Let h = 140 + -228. List the prime factors of j/15 - h/3.
29
Let a be (-2)/(-4) + (-1 - (-9)/2). Suppose -119 = -3*u + a*q, 4*q - 25 = -2*u + 21. List the prime factors of u.
3, 11
Let x(q) = 6*q - 6. Let c be -4 - (-24)/((-9)/(-3)). Suppose -c*p + 3*o = 2*o - 11, -4*o + 4 = 0. What are the prime factors of x(p)?
2, 3
Let r be (9/(-5))/(12/(-100)). Suppose -r = 5*c - 415. List the prime factors of c.
2, 5
Let x be (-3 - 3)*1/(-2). Suppose -2*b + x*b - 91 = -p, -4*p + 5*b + 319 = 0. Let j = p + -59. List the prime factors of j.
3
Suppose 15*z - 1911 = 12*z. What are the prime factors of z?
7, 13
Suppose 9 = -3*x + 60. Suppose -2*j = -23 + x. Suppose 99 = j*q + 3*n - 123, 5*q + 2*n = 367. What are the prime factors of q?
73
Suppose -424 = -5*d + 4*r, 3*d + 4*r = 187 + 61. Let w = d + -15. What are the prime factors of w?
3, 23
Let x = -11 - -17. Let b(m) = -3*m - 13. Let s be b(-6). Suppose -s*u - 74 = -x*u. What are the prime factors of u?
2, 37
Suppose 3 = -m - 3*c - 1, 0 = m - c - 4. Suppose -2*y + 309 = 5*v - 0*y, -m*v + 120 = 2*y. What are the prime factors of v?
3, 7
Suppose -6*h - 324 - 330 = 0. List the prime factors of -1 - -3 - (h + -6).
3, 13
Let a = -198 + 254. List the prime factors of a.
2, 7
Suppose 2 - 74 = -12*s. Suppose 0 = s*v - 0*v - 876. What are the prime factors of v?
2, 73
List the prime factors of 3831 + 54/(-9) + 17.
2, 17, 113
Let g = -27 + 31. Suppose 2*s = 3*s + g*x - 101, -332 = -4*s + 2*x. List the prime fa